s of 25237.
25237
What are the prime factors of 496046?
2, 197, 1259
List the prime factors of 351503.
351503
What are the prime factors of 263549?
11, 13, 19, 97
What are the prime factors of 515315?
5, 23, 4481
List the prime factors of 6298.
2, 47, 67
What are the prime factors of 2504758?
2, 113, 11083
What are the prime factors of 3977474?
2, 701, 2837
List the prime factors of 5116154.
2, 2558077
List the prime factors of 1925935.
5, 11, 19, 97
List the prime factors of 2393423.
43, 55661
What are the prime factors of 1033467?
3, 19, 18131
List the prime factors of 1230004.
2, 61, 71
What are the prime factors of 1056614?
2, 13, 40639
What are the prime factors of 37734291?
3, 7, 307, 1951
What are the prime factors of 4418748?
2, 3, 122743
What are the prime factors of 4694853?
3, 137, 11423
What are the prime factors of 1344011?
1344011
List the prime factors of 14767092.
2, 3, 149, 2753
List the prime factors of 1697331.
3, 17, 23, 1447
List the prime factors of 323950.
2, 5, 11, 19, 31
What are the prime factors of 722620?
2, 5, 36131
What are the prime factors of 1148258?
2, 37, 59, 263
What are the prime factors of 4165832?
2, 11, 47339
List the prime factors of 139131.
3, 5153
What are the prime factors of 148747?
148747
List the prime factors of 1688904.
2, 3, 7, 1117
List the prime factors of 327089.
7, 46727
List the prime factors of 450881.
450881
List the prime factors of 1649149.
1649149
What are the prime factors of 21695?
5, 4339
List the prime factors of 1955224.
2, 244403
List the prime factors of 3206689.
79, 40591
What are the prime factors of 137753?
7, 11, 1789
What are the prime factors of 190255?
5, 13, 2927
What are the prime factors of 2693311?
31, 283, 307
What are the prime factors of 1872973?
97, 19309
What are the prime factors of 2362079?
29, 47, 1733
What are the prime factors of 10013529?
3, 1637, 2039
What are the prime factors of 18208?
2, 569
List the prime factors of 16019421.
3, 11, 485437
List the prime factors of 45148.
2, 11287
What are the prime factors of 13471752?
2, 3, 7, 17, 53, 89
What are the prime factors of 155508?
2, 3, 12959
What are the prime factors of 5874683?
23, 163, 1567
What are the prime factors of 2485167?
3, 821, 1009
What are the prime factors of 5277741?
3, 7, 23, 223
What are the prime factors of 1552578?
2, 3, 258763
What are the prime factors of 865515?
3, 5, 7, 8243
List the prime factors of 7739046.
2, 3, 7, 17, 3613
List the prime factors of 1131768.
2, 3, 11, 1429
List the prime factors of 3892545.
3, 5, 86501
List the prime factors of 7437604.
2, 797, 2333
What are the prime factors of 720365?
5, 144073
List the prime factors of 3713549.
7, 530507
List the prime factors of 5159832.
2, 3, 214993
What are the prime factors of 19681?
19681
List the prime factors of 1155564.
2, 3, 32099
List the prime factors of 57520.
2, 5, 719
What are the prime factors of 450799?
450799
What are the prime factors of 3269400?
2, 3, 5, 5449
List the prime factors of 80387.
80387
List the prime factors of 202998.
2, 3, 23, 1471
List the prime factors of 3524179.
157, 22447
What are the prime factors of 4348372?
2, 7, 155299
What are the prime factors of 1593085?
5, 13, 24509
What are the prime factors of 145201?
7, 20743
What are the prime factors of 3003888?
2, 3, 62581
What are the prime factors of 234666?
2, 3, 13037
List the prime factors of 1416945.
3, 5, 94463
List the prime factors of 518946.
2, 3, 86491
List the prime factors of 283022.
2, 141511
What are the prime factors of 39659?
39659
List the prime factors of 916344.
2, 3, 11, 13, 89
What are the prime factors of 1621341?
3, 17, 10597
What are the prime factors of 173721?
3, 79, 733
List the prime factors of 841129.
61, 13789
What are the prime factors of 4327222?
2, 41, 113, 467
List the prime factors of 7376064.
2, 3, 41, 937
List the prime factors of 321894.
2, 3, 1987
List the prime factors of 30791355.
3, 5, 7, 41893
List the prime factors of 13010043.
3, 223, 19447
List the prime factors of 1118454.
2, 3, 19, 9811
List the prime factors of 1150092.
2, 3, 23, 463
What are the prime factors of 800960?
2, 5, 2503
List the prime factors of 144469.
13, 11113
List the prime factors of 4407065.
5, 13, 67801
List the prime factors of 246732.
2, 3, 29, 709
List the prime factors of 13760153.
11, 1250923
What are the prime factors of 3437324?
2, 11, 78121
What are the prime factors of 14911605?
3, 5, 331369
What are the prime factors of 6580543?
6580543
What are the prime factors of 1046668?
2, 7, 29, 1289
List the prime factors of 359232.
2, 3, 1871
List the prime factors of 1548820.
2, 5, 7, 13, 23, 37
List the prime factors of 3108575.
5, 124343
List the prime factors of 18877934.
2, 433, 21799
List the prime factors of 1490602.
2, 745301
What are the prime factors of 2217871?
17, 283, 461
What are the prime factors of 164869?
173, 953
What are the prime factors of 9266501?
9266501
List the prime factors of 371981.
371981
List the prime factors of 8416628.
2, 11, 197, 971
What are the prime factors of 336946?
2, 19, 8867
List the prime factors of 1846602.
2, 3, 173, 593
List the prime factors of 342681.
3, 103, 1109
What are the prime factors of 1024305?
3, 5, 23, 2969
What are the prime factors of 436616?
2, 54577
What are the prime factors of 2306399?
29, 79531
List the prime factors of 403411.
37, 10903
What are the prime factors of 831906?
2, 3, 113, 409
What are the prime factors of 47849?
59, 811
What are the prime factors of 368272?
2, 23017
List the prime factors of 128700.
2, 3, 5, 11, 13
List the prime factors of 152367.
3, 50789
List the prime factors of 6946920.
2, 3, 5, 23, 839
What are the prime factors of 670579?
7, 13, 7369
What are the prime factors of 41197561?
41197561
List the prime factors of 361636.
2, 11, 8219
What are the prime factors of 114724?
2, 23, 29, 43
What are the prime factors of 2870494?
2, 11, 130477
List the prime factors of 7735897.
13, 595069
List the prime factors of 1441742.
2, 37, 19483
What are the prime factors of 119526?
2, 3, 11, 1811
List the prime factors of 756400.
2, 5, 31, 61
List the prime factors of 1288806.
2, 3, 79, 2719
What are the prime factors of 84095?
5, 11, 139
List the prime factors of 7215693.
3, 29, 82939
What are the prime factors of 5988688?
2, 374293
List the prime factors of 1678403.
19, 88337
What are the prime factors of 414683?
414683
What are the prime factors of 496070?
2, 5, 113, 439
List the prime factors of 1897643.
11, 15683
List the prime factors of 11588799.
3, 3862933
What are the prime factors of 7488846?
2, 3, 23, 18089
List the prime factors of 22726405.
5, 13, 349637
What are the prime factors of 14579826?
2, 3, 2429971
List the prime factors of 7088002.
2, 23, 154087
List the prime factors of 16057750.
2, 5, 64231
What are the prime factors of 6390994?
2, 71, 45007
List the prime factors of 1562085.
3, 5, 7, 19, 29
List the prime factors of 305910.
2, 3, 5, 11, 103
List the prime factors of 590469.
3, 11, 29, 617
List the prime factors of 2080118.
2, 1040059
List the prime factors of 2367009.
3, 29, 3023
List the prime factors of 7833990.
2, 3, 5, 223, 1171
What are the prime factors of 330044?
2, 11, 13, 577
What are the prime factors of 1749004?
2, 331, 1321
What are the prime factors of 16861743?
3, 624509
What are the prime factors of 3823704?
2, 3, 23, 2309
List the prime factors of 1746442.
2, 19, 45959
What are the prime factors of 15724084?
2, 101, 38921
What are the prime factors of 361136?
2, 22571
What are the prime factors of 1152638?
2, 576319
What are the prime factors of 4617818?
2, 797, 2897
List the prime factors of 3771921.
3, 1257307
What are the prime factors of 121470?
2, 3, 5, 4049
List the prime factors of 4766377.
7, 11, 37, 239
List the prime factors of 1860131.
7, 13, 20441
What are the prime factors of 2963976?
2, 3, 123499
List the prime factors of 354829.
354829
List the prime factors of 61029.
3, 6781
What are the prime factors of 14534328?
2, 3, 605597
What are the prime factors of 1038282?
2, 3, 7, 59, 419
List the prime factors of 2213618.
2, 11, 239, 421
List the prime factors of 132731.
331, 401
List the prime factors of 3902190.
2, 3, 5, 130073
List the prime factors of 60456.
2, 3, 11, 229
List the pr